a factor of 5411?
False
Does 3 divide 1467?
True
Is 71 a factor of 7171?
True
Does 25 divide 35476?
False
Does 46 divide 1470?
False
Does 63 divide 1947?
False
Is 15358 a multiple of 7?
True
Does 6 divide 78?
True
Does 22 divide 2046?
True
Does 15 divide 143205?
True
Is 186 a multiple of 17?
False
Does 23 divide 2162?
True
Is 5550 a multiple of 30?
True
Does 18 divide 2646?
True
Does 39 divide 6437?
False
Is 4422 a multiple of 67?
True
Is 12 a factor of 2061?
False
Is 6 a factor of 23244?
True
Is 8078 a multiple of 122?
False
Is 113 a factor of 13221?
True
Does 23 divide 721?
False
Is 15 a factor of 315?
True
Is 9 a factor of 1780?
False
Does 119 divide 5519?
False
Is 23 a factor of 721?
False
Does 12 divide 2372?
False
Does 15 divide 971?
False
Does 4 divide 331?
False
Is 11070 a multiple of 18?
True
Does 38 divide 178?
False
Is 117 a multiple of 13?
True
Does 33 divide 1287?
True
Does 86 divide 42846?
False
Is 61698 a multiple of 354?
False
Does 104 divide 1664?
True
Does 65 divide 7540?
True
Is 16 a factor of 16?
True
Is 21 a factor of 7201?
False
Is 16 a factor of 10320?
True
Is 36 a factor of 648?
True
Is 733 a multiple of 22?
False
Is 66 a factor of 12144?
True
Does 2 divide 3226?
True
Does 21 divide 9325?
False
Is 38 a factor of 7337?
False
Is 16 a factor of 14976?
True
Is 65 a factor of 1105?
True
Is 285 a multiple of 15?
True
Does 32 divide 476?
False
Is 420 a multiple of 60?
True
Is 1431 a multiple of 4?
False
Is 16 a factor of 182?
False
Does 4 divide 220?
True
Is 79804 a multiple of 284?
True
Is 889 a multiple of 22?
False
Is 129 a factor of 7775?
False
Is 25 a factor of 4906?
False
Does 142 divide 14202?
False
Is 20 a factor of 389?
False
Is 10 a factor of 58?
False
Is 56 a factor of 2453?
False
Does 10 divide 718?
False
Is 36 a factor of 5796?
True
Is 272 a multiple of 68?
True
Is 11 a factor of 718?
False
Does 35 divide 451?
False
Is 82 a factor of 8660?
False
Does 8 divide 15384?
True
Is 4547 a multiple of 162?
False
Is 12149 a multiple of 9?
False
Is 330 a multiple of 6?
True
Is 73 a factor of 938?
False
Is 5 a factor of 22630?
True
Is 39766 a multiple of 59?
True
Is 6 a factor of 1020?
True
Is 19 a factor of 1045?
True
Is 4830 a multiple of 70?
True
Is 20846 a multiple of 65?
False
Does 42 divide 1344?
True
Is 114204 a multiple of 124?
True
Is 5 a factor of 1425?
True
Does 38 divide 5548?
True
Is 19 a factor of 131000?
False
Does 78 divide 2106?
True
Does 45 divide 2769?
False
Is 48 a factor of 38399?
False
Is 53 a factor of 6583?
False
Is 14 a factor of 39729?
False
Is 4 a factor of 1370?
False
Is 2454 a multiple of 6?
True
Is 3332 a multiple of 28?
True
Is 1977 a multiple of 21?
False
Is 13 a factor of 2899?
True
Is 12394 a multiple of 23?
False
Is 4 a factor of 220?
True
Does 16 divide 391?
False
Is 31 a factor of 248?
True
Does 62 divide 98935?
False
Does 73 divide 554?
False
Is 78 a factor of 1248?
True
Is 16396 a multiple of 18?
False
Is 26 a factor of 10652?
False
Is 43 a factor of 9935?
False
Does 90 divide 6030?
True
Is 100 a factor of 600?
True
Is 3 a factor of 9744?
True
Does 13 divide 10608?
True
Does 32 divide 1832?
False
Does 3 divide 943?
False
Is 11 a factor of 1562?
True
Is 3 a factor of 198?
True
Is 1025 a multiple of 55?
False
Does 47 divide 44651?
False
Is 38 a factor of 3129?
False
Does 49 divide 1342?
False
Is 1425 a multiple of 25?
True
Is 3 a factor of 910?
False
Is 91 a factor of 28252?
False
Does 10 divide 42480?
True
Does 98 divide 6958?
True
Does 295 divide 60180?
True
Does 56 divide 5697?
False
Is 5611 a multiple of 55?
False
Is 8709 a multiple of 113?
False
Is 7 a factor of 3486?
True
Is 5 a factor of 49?
False
Is 6896 a multiple of 65?
False
Is 7 a factor of 852?
False
Is 6446 a multiple of 5?
False
Is 1026 a multiple of 54?
True
Is 4 a factor of 745?
False
Does 7 divide 196?
True
Is 120 a factor of 6240?
True
Does 48 divide 212?
False
Does 107 divide 1332?
False
Is 2480 a multiple of 62?
True
Does 34 divide 627?
False
Is 28 a factor of 29988?
True
Is 4620 a multiple of 28?
True
Is 339 a multiple of 4?
False
Is 72 a factor of 10152?
True
Does 58 divide 151496?
True
Is 936 a multiple of 13?
True
Is 8 a factor of 648?
True
Does 9 divide 103?
False
Does 11 divide 1421?
False
Is 2857 a multiple of 41?
False
Does 26 divide 290?
False
Is 2947 a multiple of 6?
False
Does 22 divide 843?
False
Is 67 a factor of 2646?
False
Is 53 a factor of 17804?
False
Does 30 divide 990?
True
Does 17 divide 13452?
False
Is 21 a factor of 819?
True
Is 15 a factor of 13485?
True
Is 43 a factor of 1150?
False
Does 4 divide 3270?
False
Is 81 a factor of 2239?
False
Is 702 a multiple of 13?
True
Is 19 a factor of 3286?
False
Is 137 a factor of 18424?
False
Does 10 divide 330?
True
Is 49 a factor of 17671?
False
Is 8250 a multiple of 18?
False
Is 100 a multiple of 10?
True
Is 33 a factor of 663?
False
Is 189 a factor of 9450?
True
Is 51 a factor of 2142?
True
Is 902 a multiple of 82?
True
Does 21 divide 3857?
False
Does 113 divide 3793?
False
Does 16 divide 656?
True
Does 12 divide 22080?
True
Is 5 a factor of 2460?
True
Does 68 divide 6615?
False
Is 22 a factor of 5984?
True
Is 31396 a multiple of 167?
True
Is 4694 a multiple of 8?
False
Does 68 divide 5206?
False
Is 6338 a multiple of 49?
False
Is 20 a factor of 1272?
False
Is 18 a factor of 108?
True
Is 3 a factor of 429?
True
Does 63 divide 3276?
True
Is 57 a factor of 4218?
True
Does 105 divide 5880?
True
Does 77 divide 8516?
False
Does 13 divide 2392?
True
Is 1134 a multiple of 42?
True
Does 42 divide 4284?
True
Does 84 divide 270?
False
Is 1581 a multiple of 7?
False
Is 2238 a multiple of 3?
True
Is 1144 a multiple of 24?
False
Does 21 divide 462?
True
Does 16 divide 2284?
False
Is 4 a factor of 72?
True
Is 2145 a multiple of 165?
True
Is 28704 a multiple of 32?
True
Is 20 a factor of 200?
True
Does 43 divide 4327?
False
Does 74 divide 45584?
True
Does 11 divide 6864?
True
Is 543 a multiple of 3?
True
Does 32 divide 7744?
True
Is 131 a factor of 6550?
True
Is 38307 a multiple of 62?
False
Does 30 divide 1102?
False
Is 5507 a multiple of 10?
False
Is 2968 a multiple of 7?
True
Does 2 divide 41?
False
Is 5 a factor of 391?
False
Is 145 a multiple of 10?
False
Is 194002 a multiple of 432?
False
Is 871 a multiple of 6?
False
Is 4723 a multiple of 72?
False
Is 21 a factor of 2469?
False
Is 55 a factor of 1190?
False
Is 143 a factor of 16263?
False
Is 18 a factor of 364?
False
Does 177 divide 90697?
False
Is 18 a factor of 3582?
True
Is 814 a multiple of 29?
False
Does 32 divide 12064?
True
Does 8 divide 238?
False
Does 90 divide 66420?
True
Does 8 divide 14840?
True
Is 231 a multiple of 21?
True
Is 23 a factor of 17339?
False
Is 9999 a multiple of 33?
True
Is 37 a factor of 16132?
True
Is 10 a factor of 940?
True
Is 89 a factor of 1488?
False
Is 448 a multiple of 16?
True
Is 109 a factor of 8810?
False
Is 37 a factor of 143?
False
Is 8 a factor of 880?
True
Does 6 divide 88?
False
Is 220 a multiple of 4?
True
Does 111 divide 11227?
False
Is 13 a factor of 72098?
True
Is 1108 a multiple of 9?
False
Does 22 divide 5025?
False
Is 7 a factor of 441?
True
Does 20 divide 680?
True
Does 5 divide 2983?
False
Is 20 a factor of 2327?
False
Does 41 divide 1923?
False
Is 86 a factor of 2236?
True
Is 1080 a multiple of 18?
True
Does 30 divide 450?
True
Does 98 divide 5086?
False
Is 9329 a multiple of 15?
False
Does 64 divide 3904?
True
Is 52 a factor of 17456?
False
Is 15 a factor of 720?
True
Is 2407 a multiple of 15?
False
Is 114 a multiple of 38?
True
Does 9 divide 15255?
True
Does 11 divide 3512?
False
Does 40 divide 2840?
True
Does 62 divide 7316?
True
Is 30 a factor of 14713?
False
Is 429 a multiple of 33?
True
Is 30058 a multiple of 266?
True
Is 48 a factor of 51168?
True
Is 29 a factor of 6670?
True
Does 23 divide 1891?
False
Is 589 a multiple of 19?
True
Is 30 a multiple of 6?
True
Is 1470 a multiple of 70?
True
Is 552 a multiple of 24?
True
Is 3 a factor of 6769?
False
Does 51 divide 867?
True
Is 11721 a multiple of 48?
False
Does 4 divide 2376?
True
Does 14 divide 14210?
True
Is 343 a multiple of 11?
False
Is 1312 a multiple of 41?
True
Does 189 divide 26271?
True
Is 7821 a multiple of 33?
True
Is 2520 a multiple of 84?
True
Is 21 a factor of 13678?
False
Does 282 divid